{"id":915,"date":"2024-03-17T09:09:19","date_gmt":"2024-03-17T07:09:19","guid":{"rendered":"https:\/\/wortwelt-gilching.de\/?page_id=915"},"modified":"2026-04-02T21:22:08","modified_gmt":"2026-04-02T19:22:08","slug":"lukas-gelczowski","status":"publish","type":"page","link":"https:\/\/wortwelt-gilching.de\/?page_id=915","title":{"rendered":"Lukas Gelczowski"},"content":{"rendered":"\n<div class=\"wp-block-columns is-layout-flex wp-container-core-columns-is-layout-9d6595d7 wp-block-columns-is-layout-flex\">\n<div class=\"wp-block-column is-layout-flow wp-block-column-is-layout-flow\" style=\"flex-basis:33.33%\">\n<figure class=\"wp-block-image size-large\"><a href=\"https:\/\/wortwelt-gilching.de\/wp-content\/uploads\/2024\/04\/Lukas-G-scaled.jpeg\"><img loading=\"lazy\" decoding=\"async\" width=\"768\" height=\"1024\" src=\"https:\/\/wortwelt-gilching.de\/wp-content\/uploads\/2024\/04\/Lukas-G-768x1024.jpeg\" alt=\"\" class=\"wp-image-926\" srcset=\"https:\/\/wortwelt-gilching.de\/wp-content\/uploads\/2024\/04\/Lukas-G-768x1024.jpeg 768w, https:\/\/wortwelt-gilching.de\/wp-content\/uploads\/2024\/04\/Lukas-G-225x300.jpeg 225w, https:\/\/wortwelt-gilching.de\/wp-content\/uploads\/2024\/04\/Lukas-G-1152x1536.jpeg 1152w, https:\/\/wortwelt-gilching.de\/wp-content\/uploads\/2024\/04\/Lukas-G-1536x2048.jpeg 1536w, https:\/\/wortwelt-gilching.de\/wp-content\/uploads\/2024\/04\/Lukas-G-113x150.jpeg 113w, https:\/\/wortwelt-gilching.de\/wp-content\/uploads\/2024\/04\/Lukas-G-scaled.jpeg 1920w\" sizes=\"auto, (max-width: 768px) 100vw, 768px\" \/><\/a><\/figure>\n<\/div>\n\n\n\n<div class=\"wp-block-column is-layout-flow wp-block-column-is-layout-flow\" style=\"flex-basis:66.66%\">\n<p>2004&nbsp;Staatsexamen zum staatlich gepr\u00fcften sozialen Betreuer an der Berufsfachschule f\u00fcr Sozialpflege in Memmingen.<\/p>\n\n\n\n<p>2009-2013 Ausbildung zum \u201estaatlich gepr\u00fcften Logop\u00e4den\u201c (Staatsexamen) in Stuttgart<\/p>\n\n\n\n<p>2012-2017 T\u00e4tigkeiten als Logop\u00e4de und Sprachf\u00f6rderkraft in einer interdisziplin\u00e4ren Praxis in Holzgerlingen bei Stuttgart<\/p>\n\n\n\n<p>Seit 2017 angestellter Logop\u00e4de im Helios Klinikum M\u00fcnchen West<\/p>\n\n\n\n<p>Zwischen 2013 und 2023 wurden verschiedene Fortbildungen zu logop\u00e4dischen und p\u00e4dagogischen Fragestellungen absolviert.<\/p>\n\n\n\n<p>Nach Abschluss meiner Ausbildung zum \u201estaatlich gepr\u00fcften Logop\u00e4den\u201c (Staatsexamen) im Jahr 2013 in Stuttgart arbeite ich seit \u00fcber 10 Jahren in diesem T\u00e4tigkeitsfeld \u2013 zun\u00e4chst f\u00fcr mehrere Jahre in einer interdisziplin\u00e4ren Praxis in Holzgerlingen bei Stuttgart. In dieser Zeit habe ich unter anderem auch in Kinderg\u00e4rten, Werkst\u00e4tten f\u00fcr behinderte Menschen, in Seniorenheimen, Krankenh\u00e4usern und Schulen in Form Anstellungen und von Praktika gearbeitet. <\/p>\n\n\n\n<p>Seit 2017 bin ich nun als angestellter Logop\u00e4de im Helios Klinikum M\u00fcnchen West mit den Schwerpunkten (Cochlear Implantat) CI-Nachsorge und Therapie sowie spezialisiert auf akute Schlaganf\u00e4lle (neurogene Erkrankungen) der Stroke Unite (akute Schlaganfallstation) t\u00e4tig.<\/p>\n\n\n\n<p>Dar\u00fcber hinaus habe ich auch Vortr\u00e4ge f\u00fcr Interessierte und Fachpersonal gehalten.<\/p>\n\n\n\n<p>Das Wichtigste ist f\u00fcr mich die individuelle Betreuung meiner Patienten. Die F\u00f6rderung zur Freude an der Kommunikation steht bei allen meinen T\u00e4tigkeiten im Mittelpunkt.<\/p>\n<\/div>\n<\/div>\n\n\n\n<p><\/p>\n","protected":false},"excerpt":{"rendered":"<p>2004&nbsp;Staatsexamen zum staatlich gepr\u00fcften sozialen Betreuer an der Berufsfachschule f\u00fcr Sozialpflege in Memmingen. 2009-2013 Ausbildung zum \u201estaatlich gepr\u00fcften Logop\u00e4den\u201c (Staatsexamen) in Stuttgart 2012-2017 T\u00e4tigkeiten als Logop\u00e4de und Sprachf\u00f6rderkraft in einer interdisziplin\u00e4ren Praxis in Holzgerlingen bei Stuttgart Seit 2017 angestellter Logop\u00e4de im Helios Klinikum M\u00fcnchen West Zwischen 2013 und 2023 wurden verschiedene Fortbildungen zu logop\u00e4dischen und &hellip; <a href=\"https:\/\/wortwelt-gilching.de\/?page_id=915\" class=\"more-link\"><span class=\"screen-reader-text\">Lukas Gelczowski<\/span> weiterlesen <span class=\"meta-nav\">&rarr;<\/span><\/a><\/p>\n","protected":false},"author":2,"featured_media":0,"parent":4,"menu_order":0,"comment_status":"closed","ping_status":"closed","template":"","meta":{"footnotes":""},"class_list":["post-915","page","type-page","status-publish","hentry"],"_links":{"self":[{"href":"https:\/\/wortwelt-gilching.de\/index.php?rest_route=\/wp\/v2\/pages\/915","targetHints":{"allow":["GET"]}}],"collection":[{"href":"https:\/\/wortwelt-gilching.de\/index.php?rest_route=\/wp\/v2\/pages"}],"about":[{"href":"https:\/\/wortwelt-gilching.de\/index.php?rest_route=\/wp\/v2\/types\/page"}],"author":[{"embeddable":true,"href":"https:\/\/wortwelt-gilching.de\/index.php?rest_route=\/wp\/v2\/users\/2"}],"replies":[{"embeddable":true,"href":"https:\/\/wortwelt-gilching.de\/index.php?rest_route=%2Fwp%2Fv2%2Fcomments&post=915"}],"version-history":[{"count":5,"href":"https:\/\/wortwelt-gilching.de\/index.php?rest_route=\/wp\/v2\/pages\/915\/revisions"}],"predecessor-version":[{"id":1094,"href":"https:\/\/wortwelt-gilching.de\/index.php?rest_route=\/wp\/v2\/pages\/915\/revisions\/1094"}],"up":[{"embeddable":true,"href":"https:\/\/wortwelt-gilching.de\/index.php?rest_route=\/wp\/v2\/pages\/4"}],"wp:attachment":[{"href":"https:\/\/wortwelt-gilching.de\/index.php?rest_route=%2Fwp%2Fv2%2Fmedia&parent=915"}],"curies":[{"name":"wp","href":"https:\/\/api.w.org\/{rel}","templated":true}]}}

<div class="wp-block-columns is-layout-flex wp-container-core-columns-is-layout-9d6595d7 wp-block-columns-is-layout-flex">
<div class="wp-block-column is-layout-flow wp-block-column-is-layout-flow" style="flex-basis:33.33%">
<figure class="wp-block-image size-large"><a href="https://wortwelt-gilching.de/wp-content/uploads/2024/04/Lukas-G-scaled.jpeg"><img loading="lazy" decoding="async" width="768" height="1024" src="https://wortwelt-gilching.de/wp-content/uploads/2024/04/Lukas-G-768x1024.jpeg" alt="" class="wp-image-926" srcset="https://wortwelt-gilching.de/wp-content/uploads/2024/04/Lukas-G-768x1024.jpeg 768w, https://wortwelt-gilching.de/wp-content/uploads/2024/04/Lukas-G-225x300.jpeg 225w, https://wortwelt-gilching.de/wp-content/uploads/2024/04/Lukas-G-1152x1536.jpeg 1152w, https://wortwelt-gilching.de/wp-content/uploads/2024/04/Lukas-G-1536x2048.jpeg 1536w, https://wortwelt-gilching.de/wp-content/uploads/2024/04/Lukas-G-113x150.jpeg 113w, https://wortwelt-gilching.de/wp-content/uploads/2024/04/Lukas-G-scaled.jpeg 1920w" sizes="auto, (max-width: 768px) 100vw, 768px" /></a></figure>
</div>



<div class="wp-block-column is-layout-flow wp-block-column-is-layout-flow" style="flex-basis:66.66%">
<p>2004&nbsp;Staatsexamen zum staatlich geprüften sozialen Betreuer an der Berufsfachschule für Sozialpflege in Memmingen.</p>



<p>2009-2013 Ausbildung zum „staatlich geprüften Logopäden“ (Staatsexamen) in Stuttgart</p>



<p>2012-2017 Tätigkeiten als Logopäde und Sprachförderkraft in einer interdisziplinären Praxis in Holzgerlingen bei Stuttgart</p>



<p>Seit 2017 angestellter Logopäde im Helios Klinikum München West</p>



<p>Zwischen 2013 und 2023 wurden verschiedene Fortbildungen zu logopädischen und pädagogischen Fragestellungen absolviert.</p>



<p>Nach Abschluss meiner Ausbildung zum „staatlich geprüften Logopäden“ (Staatsexamen) im Jahr 2013 in Stuttgart arbeite ich seit über 10 Jahren in diesem Tätigkeitsfeld – zunächst für mehrere Jahre in einer interdisziplinären Praxis in Holzgerlingen bei Stuttgart. In dieser Zeit habe ich unter anderem auch in Kindergärten, Werkstätten für behinderte Menschen, in Seniorenheimen, Krankenhäusern und Schulen in Form Anstellungen und von Praktika gearbeitet. </p>



<p>Seit 2017 bin ich nun als angestellter Logopäde im Helios Klinikum München West mit den Schwerpunkten (Cochlear Implantat) CI-Nachsorge und Therapie sowie spezialisiert auf akute Schlaganfälle (neurogene Erkrankungen) der Stroke Unite (akute Schlaganfallstation) tätig.</p>



<p>Darüber hinaus habe ich auch Vorträge für Interessierte und Fachpersonal gehalten.</p>



<p>Das Wichtigste ist für mich die individuelle Betreuung meiner Patienten. Die Förderung zur Freude an der Kommunikation steht bei allen meinen Tätigkeiten im Mittelpunkt.</p>
</div>
</div>



<p></p>

<p>2004&nbsp;Staatsexamen zum staatlich geprüften sozialen Betreuer an der Berufsfachschule für Sozialpflege in Memmingen. 2009-2013 Ausbildung zum „staatlich geprüften Logopäden“ (Staatsexamen) in Stuttgart 2012-2017 Tätigkeiten als Logopäde und Sprachförderkraft in einer interdisziplinären Praxis in Holzgerlingen bei Stuttgart Seit 2017 angestellter Logopäde im Helios Klinikum München West Zwischen 2013 und 2023 wurden verschiedene Fortbildungen zu logopädischen und &hellip; <a href="https://wortwelt-gilching.de/?page_id=915" class="more-link"><span class="screen-reader-text">Lukas Gelczowski</span> weiterlesen <span class="meta-nav">&rarr;</span></a></p>
