{"id":31,"date":"2014-01-15T16:17:18","date_gmt":"2014-01-15T14:17:18","guid":{"rendered":"http:\/\/wortwelt-gilching.de\/?page_id=31"},"modified":"2026-04-02T21:26:18","modified_gmt":"2026-04-02T19:26:18","slug":"bernadette-hirschauer","status":"publish","type":"page","link":"https:\/\/wortwelt-gilching.de\/?page_id=31","title":{"rendered":"Bernadette Hirschauer"},"content":{"rendered":"\n<div class=\"wp-block-columns is-layout-flex wp-container-core-columns-is-layout-9d6595d7 wp-block-columns-is-layout-flex\">\n<div class=\"wp-block-column is-layout-flow wp-block-column-is-layout-flow\" style=\"flex-basis:33.33%\">\n<figure class=\"wp-block-image size-large\"><a href=\"https:\/\/wortwelt-gilching.de\/wp-content\/uploads\/2023\/10\/bernadette.jpg\"><img loading=\"lazy\" decoding=\"async\" width=\"1024\" height=\"929\" src=\"https:\/\/wortwelt-gilching.de\/wp-content\/uploads\/2023\/10\/bernadette-1024x929.jpg\" alt=\"\" class=\"wp-image-897\" srcset=\"https:\/\/wortwelt-gilching.de\/wp-content\/uploads\/2023\/10\/bernadette-1024x929.jpg 1024w, https:\/\/wortwelt-gilching.de\/wp-content\/uploads\/2023\/10\/bernadette-300x272.jpg 300w, https:\/\/wortwelt-gilching.de\/wp-content\/uploads\/2023\/10\/bernadette-768x697.jpg 768w, https:\/\/wortwelt-gilching.de\/wp-content\/uploads\/2023\/10\/bernadette-165x150.jpg 165w, https:\/\/wortwelt-gilching.de\/wp-content\/uploads\/2023\/10\/bernadette-150x136.jpg 150w, https:\/\/wortwelt-gilching.de\/wp-content\/uploads\/2023\/10\/bernadette.jpg 1512w\" sizes=\"auto, (max-width: 1024px) 100vw, 1024px\" \/><\/a><\/figure>\n\n\n\n<figure class=\"wp-block-image size-large\"><a href=\"https:\/\/wortwelt-gilching.de\/wp-content\/uploads\/2014\/01\/Bernadette.jpg\"><img loading=\"lazy\" decoding=\"async\" width=\"768\" height=\"1024\" src=\"https:\/\/wortwelt-gilching.de\/wp-content\/uploads\/2014\/01\/Bernadette-768x1024.jpg\" alt=\"\" class=\"wp-image-123\" srcset=\"https:\/\/wortwelt-gilching.de\/wp-content\/uploads\/2014\/01\/Bernadette-768x1024.jpg 768w, https:\/\/wortwelt-gilching.de\/wp-content\/uploads\/2014\/01\/Bernadette-224x300.jpg 224w, https:\/\/wortwelt-gilching.de\/wp-content\/uploads\/2014\/01\/Bernadette-112x150.jpg 112w, https:\/\/wortwelt-gilching.de\/wp-content\/uploads\/2014\/01\/Bernadette.jpg 1704w\" sizes=\"auto, (max-width: 768px) 100vw, 768px\" \/><\/a><\/figure>\n<\/div>\n\n\n\n<div class=\"wp-block-column is-layout-flow wp-block-column-is-layout-flow\" style=\"flex-basis:66.66%\">\n<p><strong>Staatlich gepr\u00fcfte Logop\u00e4din<br><\/strong>2005-2008 Logop\u00e4dieausbildung an der staatlichen Logop\u00e4dieschule Ulm<\/p>\n\n\n\n<p><span style=\"font-size: 10pt;\"><strong>iplom-Sozialp\u00e4dagogin<\/strong><\/span><br>2001-2005 Studium der Sozialp\u00e4dagogik an der Katholischen Fachhochschule (KFH) Freiburg<\/p>\n\n\n\n<p><strong>Therapeutische Schwerpunkte:<\/strong><\/p>\n\n\n\n<ul class=\"wp-block-list\">\n<li>Kindersprache<\/li>\n\n\n\n<li>Aussprachest\u00f6rungen<\/li>\n\n\n\n<li>Dyspraxie<\/li>\n\n\n\n<li>Myofunktionelle St\u00f6rungen<\/li>\n\n\n\n<li>Redeflussst\u00f6rungen bei Kindern und Erwachsenen<\/li>\n\n\n\n<li>Aphasie<\/li>\n\n\n\n<li>Dysarthrie<\/li>\n\n\n\n<li>Stimmst\u00f6rungen<\/li>\n\n\n\n<li>Laryngektomie<\/li>\n<\/ul>\n\n\n\n<p><strong>Zusatzfortbildungen Logop\u00e4die<\/strong>:<br>z.B. Bereich Kinder und Jugendliche: u.a. Sprachverst\u00e4ndnis im Kindesalter (lic.phil. Susanne Mathieu); Sprachverst\u00e4ndnis im Kindesalter \u2013 Vertiefungskurs; AVWS &amp; LRS im logop\u00e4dischen Praxisalltag; Late Talker \u2013 Diagnostik und Therapie bei zweij\u00e4hrigen Kindern; Therapie bei mehrsprachigen Kindern; Die verbale Entwicklungsdyspraxie und KoArt (Ulrike Becker-Redding), Nat\u00fcrlicher Grammatikerwerb und Dysgrammatismus (Dr.phil.Silke Kruse)<\/p>\n\n\n\n<p>z.B. Bereich Erwachsene: u.a. Einf\u00fchrung in die Methoden Affolter, Bobath, F.O.T.T., O.R.T.; Modul 1 der Akzentmethode; Manuelle Sitmmtherapie orofacial; Dysphagie-Grundlagenseminar: Diagnostik und Therapie neurogener Dysphagien;&nbsp; Funktionelle und organische Stimmst\u00f6rungen \u2013 Die Heptnermethode in der Stimmtherapie;<\/p>\n<\/div>\n<\/div>\n\n\n\n<p><span style=\"font-size: small;\"><\/span><\/p>\n\n\n\n<p><\/p>\n","protected":false},"excerpt":{"rendered":"<p>Staatlich gepr\u00fcfte Logop\u00e4din2005-2008 Logop\u00e4dieausbildung an der staatlichen Logop\u00e4dieschule Ulm iplom-Sozialp\u00e4dagogin2001-2005 Studium der Sozialp\u00e4dagogik an der Katholischen Fachhochschule (KFH) Freiburg Therapeutische Schwerpunkte: Zusatzfortbildungen Logop\u00e4die:z.B. Bereich Kinder und Jugendliche: u.a. Sprachverst\u00e4ndnis im Kindesalter (lic.phil. Susanne Mathieu); Sprachverst\u00e4ndnis im Kindesalter \u2013 Vertiefungskurs; AVWS &amp; LRS im logop\u00e4dischen Praxisalltag; Late Talker \u2013 Diagnostik und Therapie bei zweij\u00e4hrigen Kindern; Therapie &hellip; <a href=\"https:\/\/wortwelt-gilching.de\/?page_id=31\" class=\"more-link\"><span class=\"screen-reader-text\">Bernadette Hirschauer<\/span> weiterlesen <span class=\"meta-nav\">&rarr;<\/span><\/a><\/p>\n","protected":false},"author":1,"featured_media":0,"parent":4,"menu_order":0,"comment_status":"closed","ping_status":"closed","template":"","meta":{"footnotes":""},"class_list":["post-31","page","type-page","status-publish","hentry"],"_links":{"self":[{"href":"https:\/\/wortwelt-gilching.de\/index.php?rest_route=\/wp\/v2\/pages\/31","targetHints":{"allow":["GET"]}}],"collection":[{"href":"https:\/\/wortwelt-gilching.de\/index.php?rest_route=\/wp\/v2\/pages"}],"about":[{"href":"https:\/\/wortwelt-gilching.de\/index.php?rest_route=\/wp\/v2\/types\/page"}],"author":[{"embeddable":true,"href":"https:\/\/wortwelt-gilching.de\/index.php?rest_route=\/wp\/v2\/users\/1"}],"replies":[{"embeddable":true,"href":"https:\/\/wortwelt-gilching.de\/index.php?rest_route=%2Fwp%2Fv2%2Fcomments&post=31"}],"version-history":[{"count":21,"href":"https:\/\/wortwelt-gilching.de\/index.php?rest_route=\/wp\/v2\/pages\/31\/revisions"}],"predecessor-version":[{"id":1097,"href":"https:\/\/wortwelt-gilching.de\/index.php?rest_route=\/wp\/v2\/pages\/31\/revisions\/1097"}],"up":[{"embeddable":true,"href":"https:\/\/wortwelt-gilching.de\/index.php?rest_route=\/wp\/v2\/pages\/4"}],"wp:attachment":[{"href":"https:\/\/wortwelt-gilching.de\/index.php?rest_route=%2Fwp%2Fv2%2Fmedia&parent=31"}],"curies":[{"name":"wp","href":"https:\/\/api.w.org\/{rel}","templated":true}]}}

<div class="wp-block-columns is-layout-flex wp-container-core-columns-is-layout-9d6595d7 wp-block-columns-is-layout-flex">
<div class="wp-block-column is-layout-flow wp-block-column-is-layout-flow" style="flex-basis:33.33%">
<figure class="wp-block-image size-large"><a href="https://wortwelt-gilching.de/wp-content/uploads/2023/10/bernadette.jpg"><img loading="lazy" decoding="async" width="1024" height="929" src="https://wortwelt-gilching.de/wp-content/uploads/2023/10/bernadette-1024x929.jpg" alt="" class="wp-image-897" srcset="https://wortwelt-gilching.de/wp-content/uploads/2023/10/bernadette-1024x929.jpg 1024w, https://wortwelt-gilching.de/wp-content/uploads/2023/10/bernadette-300x272.jpg 300w, https://wortwelt-gilching.de/wp-content/uploads/2023/10/bernadette-768x697.jpg 768w, https://wortwelt-gilching.de/wp-content/uploads/2023/10/bernadette-165x150.jpg 165w, https://wortwelt-gilching.de/wp-content/uploads/2023/10/bernadette-150x136.jpg 150w, https://wortwelt-gilching.de/wp-content/uploads/2023/10/bernadette.jpg 1512w" sizes="auto, (max-width: 1024px) 100vw, 1024px" /></a></figure>



<figure class="wp-block-image size-large"><a href="https://wortwelt-gilching.de/wp-content/uploads/2014/01/Bernadette.jpg"><img loading="lazy" decoding="async" width="768" height="1024" src="https://wortwelt-gilching.de/wp-content/uploads/2014/01/Bernadette-768x1024.jpg" alt="" class="wp-image-123" srcset="https://wortwelt-gilching.de/wp-content/uploads/2014/01/Bernadette-768x1024.jpg 768w, https://wortwelt-gilching.de/wp-content/uploads/2014/01/Bernadette-224x300.jpg 224w, https://wortwelt-gilching.de/wp-content/uploads/2014/01/Bernadette-112x150.jpg 112w, https://wortwelt-gilching.de/wp-content/uploads/2014/01/Bernadette.jpg 1704w" sizes="auto, (max-width: 768px) 100vw, 768px" /></a></figure>
</div>



<div class="wp-block-column is-layout-flow wp-block-column-is-layout-flow" style="flex-basis:66.66%">
<p><strong>Staatlich geprüfte Logopädin<br></strong>2005-2008 Logopädieausbildung an der staatlichen Logopädieschule Ulm</p>



<p><span style="font-size: 10pt;"><strong>iplom-Sozialpädagogin</strong></span><br>2001-2005 Studium der Sozialpädagogik an der Katholischen Fachhochschule (KFH) Freiburg</p>



<p><strong>Therapeutische Schwerpunkte:</strong></p>



<ul class="wp-block-list">
<li>Kindersprache</li>



<li>Aussprachestörungen</li>



<li>Dyspraxie</li>



<li>Myofunktionelle Störungen</li>



<li>Redeflussstörungen bei Kindern und Erwachsenen</li>



<li>Aphasie</li>



<li>Dysarthrie</li>



<li>Stimmstörungen</li>



<li>Laryngektomie</li>
</ul>



<p><strong>Zusatzfortbildungen Logopädie</strong>:<br>z.B. Bereich Kinder und Jugendliche: u.a. Sprachverständnis im Kindesalter (lic.phil. Susanne Mathieu); Sprachverständnis im Kindesalter – Vertiefungskurs; AVWS &amp; LRS im logopädischen Praxisalltag; Late Talker – Diagnostik und Therapie bei zweijährigen Kindern; Therapie bei mehrsprachigen Kindern; Die verbale Entwicklungsdyspraxie und KoArt (Ulrike Becker-Redding), Natürlicher Grammatikerwerb und Dysgrammatismus (Dr.phil.Silke Kruse)</p>



<p>z.B. Bereich Erwachsene: u.a. Einführung in die Methoden Affolter, Bobath, F.O.T.T., O.R.T.; Modul 1 der Akzentmethode; Manuelle Sitmmtherapie orofacial; Dysphagie-Grundlagenseminar: Diagnostik und Therapie neurogener Dysphagien;&nbsp; Funktionelle und organische Stimmstörungen – Die Heptnermethode in der Stimmtherapie;</p>
</div>
</div>



<p><span style="font-size: small;"></span></p>



<p></p>

<p>Staatlich geprüfte Logopädin2005-2008 Logopädieausbildung an der staatlichen Logopädieschule Ulm iplom-Sozialpädagogin2001-2005 Studium der Sozialpädagogik an der Katholischen Fachhochschule (KFH) Freiburg Therapeutische Schwerpunkte: Zusatzfortbildungen Logopädie:z.B. Bereich Kinder und Jugendliche: u.a. Sprachverständnis im Kindesalter (lic.phil. Susanne Mathieu); Sprachverständnis im Kindesalter – Vertiefungskurs; AVWS &amp; LRS im logopädischen Praxisalltag; Late Talker – Diagnostik und Therapie bei zweijährigen Kindern; Therapie &hellip; <a href="https://wortwelt-gilching.de/?page_id=31" class="more-link"><span class="screen-reader-text">Bernadette Hirschauer</span> weiterlesen <span class="meta-nav">&rarr;</span></a></p>
