{"id":12,"date":"2014-01-15T14:44:10","date_gmt":"2014-01-15T12:44:10","guid":{"rendered":"http:\/\/wortwelt-gilching.de\/?page_id=12"},"modified":"2026-04-02T00:11:59","modified_gmt":"2026-04-01T22:11:59","slug":"kontakt","status":"publish","type":"page","link":"https:\/\/wortwelt-gilching.de\/?page_id=12","title":{"rendered":"Kontakt"},"content":{"rendered":"<p>So erreichen Sie uns<\/p>\n<p><span style=\"text-decoration: underline;\"><strong>Pers\u00f6nlich<\/strong><\/span><\/p>\n<p><strong>WortWelt<\/strong><br \/>\nPraxis f\u00fcr Logop\u00e4die<br \/>\nBernadette Hirschauer<\/p>\n<p>Am Bahnhof 4a<br \/>\n82205 Gilching<\/p>\n<p>Mit den \u00f6ffentlichen Verkehrsmitteln erreichen Sie uns mit der S8 Haltestelle Gilching-Argelsried. 2 Gehminuten vom Bahnhof.<\/p>\n<p>Mit dem Auto nehmen Sie auf der A96 die Ausfahrt Gilching und folgen der Beschilderung zum Ortseingang. Folgen Sie der Hauptstra\u00dfe und biegen Sie direkt nach der Bahn\u00fcberf\u00fchrung links ab.<\/p>\n<p><span style=\"text-decoration: underline;\"><strong>Telefonisch<\/strong><\/span><br \/>\n08105\/775772<br \/>\nFax: 08105\/775773<\/p>\n<p>Sie k\u00f6nnen uns jederzeit eine Nachricht auf den Anrufbeantworter sprechen oder eine E-Mail schreiben. Wir melden uns schnellstm\u00f6glich bei Ihnen.<\/p>\n<p><strong><span style=\"text-decoration: underline;\">Per E-Mail<\/span><\/strong><span style=\"color: #3366ff;\"><strong><span style=\"text-decoration: underline;\"><br \/>\n<\/span><\/strong><\/span>logo@wortwelt-gilching.de<br \/>\noder<\/p>\n\n<div class=\"wpcf7 no-js\" id=\"wpcf7-f647-o1\" lang=\"de-DE\" dir=\"ltr\" data-wpcf7-id=\"647\">\n<div class=\"screen-reader-response\"><p role=\"status\" aria-live=\"polite\" aria-atomic=\"true\"><\/p> <ul><\/ul><\/div>\n<form action=\"\/index.php?rest_route=%2Fwp%2Fv2%2Fpages%2F12#wpcf7-f647-o1\" method=\"post\" class=\"wpcf7-form init\" aria-label=\"Kontaktformular\" novalidate=\"novalidate\" data-status=\"init\">\n<fieldset class=\"hidden-fields-container\"><input type=\"hidden\" name=\"_wpcf7\" value=\"647\" \/><input type=\"hidden\" name=\"_wpcf7_version\" value=\"6.1.5\" \/><input type=\"hidden\" name=\"_wpcf7_locale\" value=\"de_DE\" \/><input type=\"hidden\" name=\"_wpcf7_unit_tag\" value=\"wpcf7-f647-o1\" \/><input type=\"hidden\" name=\"_wpcf7_container_post\" value=\"0\" \/><input type=\"hidden\" name=\"_wpcf7_posted_data_hash\" value=\"\" \/>\n<\/fieldset>\n<p>Ihr Name (Pflichtfeld)\n<\/p>\n<p><span class=\"wpcf7-form-control-wrap\" data-name=\"your-name\"><input size=\"40\" maxlength=\"400\" class=\"wpcf7-form-control wpcf7-text wpcf7-validates-as-required\" aria-required=\"true\" aria-invalid=\"false\" value=\"\" type=\"text\" name=\"your-name\" \/><\/span>\n<\/p>\n<p>Ihre E-Mail-Adresse (Pflichtfeld)\n<\/p>\n<p><span class=\"wpcf7-form-control-wrap\" data-name=\"your-email\"><input size=\"40\" maxlength=\"400\" class=\"wpcf7-form-control wpcf7-email wpcf7-validates-as-required wpcf7-text wpcf7-validates-as-email\" aria-required=\"true\" aria-invalid=\"false\" value=\"\" type=\"email\" name=\"your-email\" \/><\/span>\n<\/p>\n<p>Betreff\n<\/p>\n<p><span class=\"wpcf7-form-control-wrap\" data-name=\"your-subject\"><input size=\"40\" maxlength=\"400\" class=\"wpcf7-form-control wpcf7-text\" aria-invalid=\"false\" value=\"\" type=\"text\" name=\"your-subject\" \/><\/span>\n<\/p>\n<p>Ihre Nachricht\n<\/p>\n<p><span class=\"wpcf7-form-control-wrap\" data-name=\"your-message\"><textarea cols=\"40\" rows=\"10\" maxlength=\"2000\" class=\"wpcf7-form-control wpcf7-textarea\" aria-invalid=\"false\" name=\"your-message\"><\/textarea><\/span>\n<\/p>\n<p><input class=\"wpcf7-form-control wpcf7-submit has-spinner\" type=\"submit\" value=\"Senden\" \/>\n<\/p><div class=\"wpcf7-response-output\" aria-hidden=\"true\"><\/div>\n<\/form>\n<\/div>\n\n","protected":false},"excerpt":{"rendered":"<p>So erreichen Sie uns Pers\u00f6nlich WortWelt Praxis f\u00fcr Logop\u00e4die Bernadette Hirschauer Am Bahnhof 4a 82205 Gilching Mit den \u00f6ffentlichen Verkehrsmitteln erreichen Sie uns mit der S8 Haltestelle Gilching-Argelsried. 2 Gehminuten vom Bahnhof. Mit dem Auto nehmen Sie auf der A96 die Ausfahrt Gilching und folgen der Beschilderung zum Ortseingang. Folgen Sie der Hauptstra\u00dfe und biegen &hellip; <a href=\"https:\/\/wortwelt-gilching.de\/?page_id=12\" class=\"more-link\"><span class=\"screen-reader-text\">Kontakt<\/span> weiterlesen <span class=\"meta-nav\">&rarr;<\/span><\/a><\/p>\n","protected":false},"author":1,"featured_media":0,"parent":0,"menu_order":0,"comment_status":"closed","ping_status":"closed","template":"","meta":{"footnotes":""},"class_list":["post-12","page","type-page","status-publish","hentry"],"_links":{"self":[{"href":"https:\/\/wortwelt-gilching.de\/index.php?rest_route=\/wp\/v2\/pages\/12","targetHints":{"allow":["GET"]}}],"collection":[{"href":"https:\/\/wortwelt-gilching.de\/index.php?rest_route=\/wp\/v2\/pages"}],"about":[{"href":"https:\/\/wortwelt-gilching.de\/index.php?rest_route=\/wp\/v2\/types\/page"}],"author":[{"embeddable":true,"href":"https:\/\/wortwelt-gilching.de\/index.php?rest_route=\/wp\/v2\/users\/1"}],"replies":[{"embeddable":true,"href":"https:\/\/wortwelt-gilching.de\/index.php?rest_route=%2Fwp%2Fv2%2Fcomments&post=12"}],"version-history":[{"count":35,"href":"https:\/\/wortwelt-gilching.de\/index.php?rest_route=\/wp\/v2\/pages\/12\/revisions"}],"predecessor-version":[{"id":1070,"href":"https:\/\/wortwelt-gilching.de\/index.php?rest_route=\/wp\/v2\/pages\/12\/revisions\/1070"}],"wp:attachment":[{"href":"https:\/\/wortwelt-gilching.de\/index.php?rest_route=%2Fwp%2Fv2%2Fmedia&parent=12"}],"curies":[{"name":"wp","href":"https:\/\/api.w.org\/{rel}","templated":true}]}}